 divide 142109277?
False
Is 49073720 a multiple of 2602?
True
Does 575 divide 407829420?
False
Is 3686789289 a multiple of 706?
False
Is 370532456 a multiple of 390?
False
Is 715 a factor of 33833085?
True
Does 366 divide 4770444?
True
Is 3 a factor of 13653573?
True
Is 1199 a factor of 439693683?
True
Is 18669639 a multiple of 280?
False
Does 77 divide 3434508?
True
Is 4574 a factor of 44020176?
True
Does 1136 divide 994345?
False
Is 132642972 a multiple of 132?
True
Does 7 divide 946684509?
False
Is 1100932272 a multiple of 219?
True
Is 178 a factor of 10966717?
False
Is 1893446235 a multiple of 171?
True
Does 14 divide 527337566?
True
Is 53812080 a multiple of 1080?
True
Does 2859 divide 45618204?
True
Is 86 a factor of 115898754?
False
Does 32 divide 1283710870?
False
Does 739 divide 1572245048?
False
Does 263 divide 292409894?
False
Is 13 a factor of 129012925?
False
Does 19 divide 3666247?
False
Is 13 a factor of 80030717?
True
Does 2044 divide 895265868?
True
Is 3 a factor of 939849595?
False
Does 325 divide 645756800?
True
Is 589 a factor of 71172993?
True
Does 73 divide 152859956?
True
Is 72126824 a multiple of 43?
True
Is 116 a factor of 75649864?
True
Is 22128116 a multiple of 43?
False
Is 194336472 a multiple of 1784?
True
Does 173 divide 37062786?
False
Is 47 a factor of 154694202?
True
Does 15 divide 78536475?
True
Does 1204 divide 254670857?
False
Is 42 a factor of 4407573430?
False
Is 247444092 a multiple of 4?
True
Does 460 divide 3170015020?
True
Is 349782322 a multiple of 6?
False
Does 16 divide 2313199?
False
Is 129795423 a multiple of 1292?
False
Is 55995262 a multiple of 49?
False
Is 511 a factor of 7194700?
False
Does 494 divide 16670030?
True
Does 50 divide 2168522?
False
Is 2298368140 a multiple of 11?
False
Is 98458662 a multiple of 17?
True
Does 821 divide 2182502887?
True
Is 4658 a factor of 48035359?
False
Is 7 a factor of 622594140?
True
Does 78 divide 45243978?
True
Is 2137 a factor of 396721228?
True
Is 16 a factor of 3941501565?
False
Does 10 divide 145910870?
True
Is 84 a factor of 12174456?
True
Does 125 divide 1884413750?
True
Is 28211406 a multiple of 107?
True
Does 14 divide 20732853?
False
Does 34 divide 109893032?
True
Is 874 a factor of 801869654?
True
Is 602 a factor of 101558319?
False
Does 138 divide 111535254?
False
Is 18 a factor of 1147045857?
False
Is 688 a factor of 184049632?
True
Is 187 a factor of 1014511?
False
Is 748641380 a multiple of 5?
True
Does 11274 divide 2497623767?
False
Is 16 a factor of 83226779?
False
Is 20 a factor of 2062634?
False
Is 138 a factor of 9526968?
True
Is 73821440 a multiple of 214?
True
Does 59 divide 9874977?
False
Is 688 a factor of 33852057?
False
Is 286 a factor of 42213700?
False
Is 19 a factor of 36990226?
True
Does 7 divide 10672081?
True
Is 53 a factor of 277145663?
False
Does 1449 divide 327740616?
True
Is 1541255 even?
False
Is 3671 a factor of 623731514?
False
Is 34 a factor of 64544939?
False
Does 12 divide 210613688?
False
Does 169 divide 866950396?
True
Is 737524756 a multiple of 388?
True
Does 292 divide 2469733664?
True
Does 297 divide 34533378?
True
Is 74 a factor of 752542?
False
Does 4745 divide 163394075?
True
Is 6938 a factor of 2388302430?
True
Does 16 divide 51449616?
True
Does 4874 divide 767689118?
True
Is 571 a factor of 1765104321?
True
Does 89 divide 93034637?
True
Does 480 divide 5363040?
True
Is 83428282 a multiple of 247?
False
Is 396 a factor of 7017912?
True
Is 54820248 a multiple of 906?
True
Is 1894 a factor of 549239166?
True
Is 152569807 a multiple of 13?
True
Is 318 a factor of 1210642218?
True
Is 11 a factor of 65849223?
True
Is 30668070 a multiple of 34?
False
Does 582 divide 1924092?
True
Is 243194202 a multiple of 18?
True
Does 239 divide 207059902?
False
Does 19 divide 61779550?
False
Does 3465 divide 6369078?
False
Is 2359387108 a multiple of 59?
True
Does 229 divide 52370926?
True
Does 482 divide 46407783?
False
Is 103487832 a multiple of 266?
True
Does 43 divide 100409316?
False
Is 31 a factor of 526408923?
True
Is 271106510 a multiple of 88?
False
Is 198594911 a multiple of 1166?
False
Is 2660 a factor of 988681655?
False
Is 585 a factor of 103449645?
True
Is 1364470068 a multiple of 394?
True
Is 41 a factor of 8394586?
True
Does 345 divide 38739444?
False
Is 36009171 a multiple of 11?
True
Is 1542902986 a multiple of 77?
False
Does 10 divide 578989950?
True
Is 1387825808 a multiple of 82?
False
Does 4328 divide 680305336?
True
Is 1166584576 a multiple of 74?
False
Does 2214 divide 122921280?
True
Is 17 a factor of 487221326?
True
Is 9 a factor of 641474560?
False
Is 32031452 a multiple of 8?
False
Is 40804006 a multiple of 68?
False
Does 118 divide 121726525?
False
Is 1866 a factor of 340319214?
True
Is 68 a factor of 139876406?
False
Is 26247159 a multiple of 27?
True
Is 663 a factor of 539994936?
True
Is 4102352 a multiple of 16?
True
Is 740 a factor of 30710087?
False
Does 6 divide 15582210?
True
Is 4748640 a multiple of 3705?
False
Does 3 divide 20852681?
False
Is 150 a factor of 67098924?
False
Does 22 divide 2417084?
False
Does 2913 divide 50444421?
True
Is 93 a factor of 92233959?
True
Does 31 divide 715249174?
True
Does 667 divide 200678289?
True
Is 13 a factor of 227500624?
True
Is 9643760 a multiple of 952?
True
Is 3423 a factor of 51105513?
False
Is 19681872 a multiple of 133?
True
Does 312 divide 968448?
True
Is 3474 a factor of 50016722?
False
Does 284 divide 326728263?
False
Is 16 a factor of 5156676448?
True
Is 88562927 a multiple of 18?
False
Is 563915 a multiple of 12?
False
Is 8 a factor of 543616?
True
Does 61 divide 142986928?
True
Is 3 a factor of 5263876?
False
Is 93 a factor of 2134949385?
True
Is 820 a factor of 292879400?
True
Is 38253395 a multiple of 401?
True
Does 35 divide 12646480?
True
Is 2953 a factor of 1026158641?
True
Does 102 divide 52683225?
False
Is 17641026 a multiple of 7?
False
Is 56 a factor of 154386008?
True
Is 18919762 a multiple of 13?
False
Is 21 a factor of 2775402?
True
Is 1943181702 a multiple of 1683?
True
Does 78 divide 12855801?
False
Is 285 a factor of 588784678?
False
Does 50 divide 101674000?
True
Does 46 divide 1241770?
True
Is 840610440 a multiple of 2322?
True
Is 335219400 a multiple of 516?
True
Does 192 divide 229502976?
True
Is 4 a factor of 141968044?
True
Is 1098 a factor of 45692295?
False
Is 27 a factor of 4411800?
True
Is 49376902 a multiple of 1431?
False
Is 716393150 a multiple of 14?
False
Is 273 a factor of 2773042436?
False
Is 37641551 a multiple of 823?
True
Is 18961082 a multiple of 25?
False
Is 2722680 a multiple of 72?
True
Is 101 a factor of 113459969?
False
Is 8176 a factor of 1474173680?
True
Is 1423 a factor of 1156839361?
False
Is 28 a factor of 49047603?
False
Does 100 divide 1831800?
True
Is 882380726 a multiple of 159?
False
Is 1202 a factor of 53277613?
False
Is 39805203 a multiple of 23?
True
Is 72 a factor of 31617648?
True
Does 13 divide 605298265?
True
Is 19767770 a multiple of 85?
True
Is 1822177283 a multiple of 430?
False
Is 3 a factor of 13104466?
False
Is 160362332 a multiple of 3?
False
Is 435 a factor of 1533028740?
True
Is 127 a factor of 1404239?
True
Does 46 divide 14985052?
True
Is 7788475107 a multiple of 23?
False
Is 90199149 a multiple of 56?
False
Is 398627965 a multiple of 1465?
True
Is 422 a factor of 56610456?
True
Is 34 a factor of 79472144?
True
Is 211624380 a multiple of 142?
False
Is 19224575 a multiple of 599?
False
Does 138 divide 3649958730?
False
Is 276416612 a multiple of 34?
False
Does 6 divide 2733844598?
False
Is 22 a factor of 980452337?
False
Does 598 divide 227292026?
True
Is 147 a factor of 149236989?
False
Is 91 a factor of 158743218?
False
Is 51541024 a multiple of 1362?
False
Is 15 a factor of 546534192?
False
Is 324 a factor of 1392176808?
True
Is 11 a factor of 31222028?
False
Is 1248 a factor of 17264631?
False
Is 429 a factor of 5215674927?
False
Is 1222014637 a multiple of 15?
False
Does 596 divide 43561375?
False
Is 256 a factor of 189692915?
False
Is 343549824 a multiple of 5963?
False
Does 1222 divide 232143340?
True
Is 71 a factor of 508581154?
False
Does 818 divide 145403590?
True
Is 303 a factor of 43926516?
True
Does 114 divide 39881666?
False
Is 51 a factor of 97754402?
False